02 - -1243295. Is b composite?
False
Suppose 5*o - 60367 - 73843 = -46405. Is o a composite number?
True
Suppose 6 = -t + 11. Suppose 5*c + h + t = 6*h, -4*h = 3*c - 4. Suppose c = 3*j - 65 - 1012. Is j a composite number?
False
Let q = 35 - 63. Let k = q - -31. Suppose -3*m + 5*o + 1081 + 331 = 0, -973 = -2*m - k*o. Is m prime?
True
Suppose 8*u = -4*m + 4*u - 44, 0 = u + 5. Let w be 22/(-33) + (-1588)/m. Let h = -119 + w. Is h prime?
False
Let m = 186 + 135115. Is m a prime number?
True
Let x be -52 + 45 - -1*(-2)/(-2). Let r(t) be the third derivative of 13*t**5/60 - 11*t**4/24 + t**3/6 + 3*t**2. Is r(x) prime?
False
Suppose 116*t - 5 = 121*t. Is 1/t + (-19054)/35*-5 a composite number?
True
Let o be 66813*1 + 1/((-5)/25). Suppose -2*y + 30*y = o. Is y a prime number?
False
Is 14/378*996603 - 2/9 a composite number?
True
Suppose 59407423 + 29586940 + 10718940 = 151*y. Is y prime?
False
Let v(n) = -16*n**3 - 20*n**2 + 193*n + 214. Is v(-29) prime?
True
Let x be 3153/(-6)*(29 - 441). Suppose -81223 = -27*v + x. Is v a prime number?
True
Let i = -21887 - -36762. Let o = i + -10374. Is o a composite number?
True
Suppose 3*t + v + 0*v - 32 = 0, -4*t + 2*v + 56 = 0. Is (-3386)/(6/(-36) - 22/t) prime?
True
Let v(b) = b**2 - 10*b + 18. Let j be v(5). Let r = -5 - j. Suppose 5*k + r*w = 3*k + 2724, 0 = -2*k + w + 2721. Is k a prime number?
True
Let f = 8780 + 5729. Is f prime?
False
Let b(h) = -323*h - 157. Let z be b(19). Let n = -3479 - z. Is n composite?
True
Let h = -55 + 115. Suppose -61*n + 16 = -h*n. Suppose -4*b + 2*b = -4*v + 15756, 4*b - n = 0. Is v composite?
True
Suppose 6*d - 3*r + 43 = 8*d, 5*d - 104 = -4*r. Suppose -41*t = -45*t + d. Suppose 5*n + 2*c = 1519, t*c = 4*n - 2*n - 596. Is n a composite number?
True
Suppose 5*h = -2*f + 5*f + 120, -h = -4*f - 41. Suppose 0*c = -c - h. Is (2 + c)/((-2)/22) prime?
False
Suppose 5*y - 10*l + 7*l - 3309560 = 0, 2*y = -5*l + 1323855. Is y prime?
False
Let k(j) = 7*j**3 - 5*j + 6. Let n be k(1). Is (-5)/(-10) + 11644/n + -2 a prime number?
False
Suppose 3*o - 6 = -3*r, -2*o = r + 1 + 1. Let w be ((-6)/(-9))/((-4)/r). Is (w - -6) + -2 + 248/4 a composite number?
True
Suppose -3319240 = 23*t - 63*t. Is t a composite number?
False
Let y(w) = 7*w**2 + 47*w - 21. Let i = 451 - 473. Is y(i) composite?
False
Suppose -4*c = 5*u - 40, -8 = 5*u - 28. Suppose c*p = 2*w + 15285, -10*p + 8*p + 2*w + 6114 = 0. Is p a composite number?
True
Is 77/(-308) + ((-4)/(-24))/(2/1030671) a prime number?
True
Suppose 2810*v = 2837*v - 29755917. Is v prime?
False
Let a be ((-74)/(-8))/((-1235)/(-104) - 12). Is 20247*((-13)/(-21) - a/(-259)) prime?
False
Is (-47461325)/(-325) - 8/(-52) a prime number?
False
Let f(z) = 7*z**2 - 125*z - 203. Is f(-55) a composite number?
False
Suppose 8*g + 21 = -3. Let v be 6466 - (g + -7 + 5). Suppose 0 = 3*m - 12*m + v. Is m composite?
False
Suppose 7756689 = 205*h - 14309716. Is h a composite number?
False
Let q(m) be the third derivative of -6*m**4 - 19*m**3/6 + 34*m**2. Let t(i) = 8*i - 4. Let o be t(-1). Is q(o) a composite number?
False
Let y(b) = -880*b - 53. Let h be y(19). Let x = -7796 - h. Is x composite?
True
Suppose -3*f + 2*x = -4979 + 17718, 0 = 5*x + 20. Is 3*((-38)/6 + 6)*f prime?
False
Let u(i) = -i**3 - 1. Let p(f) = 24*f**3 - 2*f**2 - 4*f - 10. Let q(k) = p(k) - u(k). Let w be q(7). Suppose -3*m = 5*m - w. Is m a composite number?
True
Let r(s) = -11*s**3 - 8*s**2 - s + 8. Let l(q) = -q**3 - q + 2. Let z be l(2). Let x be r(z). Is 4/(-4) + x/3 prime?
False
Let x be (-125)/45 - 4/18 - 184. Let o = x - -1406. Is o a composite number?
True
Suppose -q = -f + 4*f - 1289995, 0 = q - 5*f - 1290043. Is q prime?
True
Let q(j) = 2*j + 85. Let n be q(-31). Suppose 2*b + 2 = w + 3, b - n = -4*w. Is -3 + 2 + 297 + -6 + w composite?
True
Suppose -12*c = -4*c - 2247220 - 2183092. Is c a prime number?
True
Let o be (-20)/(-3)*10290/28. Suppose 9752 = 4*q + 4*d, q = -0*q + 2*d + o. Is (1 + 1)/(12/q) a prime number?
False
Suppose 5*t - 45 = d, 3*t + 4*d - 27 = d. Let s = 8773 + t. Is s prime?
False
Let v(p) = -p**3 - 23*p**2 - 43*p - 16. Let z be v(-21). Suppose 0 = z*h - 2*n - 62189, 5*n - 16 + 1 = 0. Is h a prime number?
False
Let h(n) = -n**3 - 26*n**2 - 47*n + 26. Let v be h(-24). Is 37182/v*(4/(-6) - -1) a composite number?
False
Let u = 425305 - -292402. Is u prime?
False
Suppose -i = 4*v - 54, 5*v + 3*i - 7*i - 78 = 0. Let h be (-6)/2*3 - v/(-7). Is (-288 - (5 + h))/(-2) composite?
True
Let j be 4/28 - 43/7. Is (81/(-108))/(j/62312) prime?
True
Suppose -z = -3*z + 2540. Suppose -112*x + z = -110*x. Is x composite?
True
Let h be (-15)/10 + 2/(-4). Suppose 13*y = -4*y. Is ((-2)/(h + y))/((-3)/(-639)) a prime number?
False
Suppose 1834112 = 15*l - 2*l - 2236097. Is l a composite number?
True
Let w = 315410 - 194143. Is w composite?
False
Suppose 0 = 3*f + u - 439737, -5*f - 31*u + 32*u + 732911 = 0. Is f a prime number?
True
Suppose 15*u - 35154 = 6*u. Let d be u/3*(-6)/(-18). Suppose -z = z - d. Is z a prime number?
False
Suppose -190*k + 721*k - 122638167 = 0. Is k prime?
False
Let w = 148968 - 69791. Is w composite?
True
Let k(c) = 2*c**2 - 4*c - 2. Let x be k(7). Suppose -3*j + 35 = x. Let r(o) = o**3 + 12*o**2 + 6. Is r(j) a prime number?
True
Suppose -431781 = 90*d - 111*d. Is d composite?
True
Suppose l = 5*w + 72, 3*l - w + 0*w = 188. Let a = 587 - l. Let k = a - 326. Is k a composite number?
False
Let j(x) = -1816*x + 85. Let i(g) = -909*g + 42. Let f(d) = -11*i(d) + 6*j(d). Is f(-5) composite?
True
Let f = -17760 + 26989. Suppose -2*p - q + f = -7835, -3*q = -3*p + 25605. Suppose 4*m = -t + 6*t - p, 5*m = 2*t - 3403. Is t composite?
False
Let o(c) = c**3 - 3*c**2 + 7*c - 18. Let p be o(3). Suppose p*l = 6, 8*y + 5*l = 3*y + 69255. Is y a composite number?
True
Let c(b) = b**3 - 5*b**2 - 20*b - 11. Let h be c(-5). Is (7 + -2)*h/(-5) a composite number?
True
Let c be 9 + -476 + (1 - 3). Let u = 827 + c. Let g = -201 + u. Is g composite?
False
Suppose -2437 - 19771 = -4*w. Suppose 7*s + w = 2*o + 4*s, 0 = 5*o + 2*s - 13861. Is o a prime number?
False
Let a = -46651 - -67314. Is a a prime number?
True
Suppose -v = -3*v - 960. Let o = -2455 + 3678. Let n = v + o. Is n prime?
True
Let t(u) = -8*u + 47 + 3*u - 85 + 4*u**2. Is t(-19) composite?
True
Suppose -2*h = 19*h - 273. Suppose -4953 = -h*q + 46696. Is q prime?
False
Let c(l) = 14969*l**2 + 35*l + 35. Suppose -9*u - 55 = -46. Is c(u) prime?
True
Suppose 8*w - 118488 - 106993 - 150527 = 0. Is w a prime number?
False
Suppose 18*b + 20191417 = 48*b - 58647293. Is b prime?
False
Let u = -145 - -363. Let o = 429 - u. Is o composite?
False
Let n = 150 + -246. Let h = 1 - n. Is h prime?
True
Let d(s) be the second derivative of 20*s + 1/6*s**4 - 14/3*s**3 - 11/2*s**2 + 0. Is d(15) a composite number?
False
Suppose -o + 4 = 2*w, -4*o + 38 = -4*w + 46. Suppose 0 = 3*f + 4*z - 7725, o = 4*f + z - 4*z - 10325. Is f a prime number?
True
Let r be 1*2 - (63 + 21232). Let b = 3702 - r. Is b composite?
True
Suppose 56111 = 3*a - 4*n + 9144, 0 = -9*a - 2*n + 140873. Is a prime?
False
Let q(g) = 2*g**2 + 5*g + 5. Let d be q(-2). Suppose -2*t - 13 = d*s - 0*s, 5*s + 20 = -5*t. Let f(m) = 103*m**2 + 2*m - 2. Is f(t) composite?
False
Let y = -40 - -44. Suppose -m - 16 = -y*d, -2*d + 1 = -m - 9. Is (-79)/(m/(-4) - 2) prime?
True
Let y = 615 - 2877. Let l = 229 - y. Is l prime?
False
Suppose -33*j = -35*j + 4. Suppose c + 8 = 4*s, c = s + 6*c - j. Suppose -s*o = -2*a + 1492, 0*o = -3*o - 3. Is a a prime number?
False
Let f be 7/(-98)*-34 - (-6)/(-14). Suppose -f*d = -4*r, -27 + 9 = -5*d + r. Suppose 3*j = 0, 0 = -d*i - 4*j + 1824 + 860. Is i a composite number?
True
Suppose 2*p - 2*n = -6*n + 24, -p + 4*n = 12. Let s(c) = -98*c + 9. Let q be s(p). Let h = q + 546. Is h prime?
True
Let r = -30825 - -103220. Is r a composite number?
True
Let q(t) = 49*t**2 - 32*t - 106. Is q(-9) a prime number?
False
Suppose z = 4, -k = 104*z - 103*z - 155073. Is k a prime number?
True
Suppose -4*m = -m + 18. Is ((-3)/m)/((-10)/(-72220)) composite?
True
Let v(q) = -795*q + 67. Let y be v(-11). Suppose -5*s = 5*n - 11015, -n = 3*n + 5*s - y. Suppose n + 465 = 4*p. Is p composite?
True
Let n(r) = -11049*r + 4303. Is n(-12) prime?
False
Let n(l) be the third deriv